{"id":13,"date":"2018-12-21T09:00:07","date_gmt":"2018-12-21T09:00:07","guid":{"rendered":"http:\/\/www.birlesimendustri.com.tr\/?page_id=13"},"modified":"2019-04-19T08:13:36","modified_gmt":"2019-04-19T08:13:36","slug":"hakkimizda","status":"publish","type":"page","link":"https:\/\/www.birlesimendustri.com.tr\/?page_id=13","title":{"rendered":"Hakk\u0131m\u0131zda"},"content":{"rendered":"<p>40 y\u0131l\u0131 a\u015fk\u0131n sekt\u00f6r tecr\u00fcbemizle end\u00fcstriyel alanlarda kullan\u0131lan malzemeleri, \u00f6nc\u00fc, yenilik\u00e7i ve daima ileriyi hedefleyerek i\u015f ortaklar\u0131m\u0131z\u0131n hizmetine sunar\u0131z.<\/p>\n<p>D\u00fcnya\u2019n\u0131n ve T\u00fcrkiye\u2019nin \u00f6nde gelen bir \u00e7ok end\u00fcstri markas\u0131n\u0131n resmi distrib\u00fct\u00f6rl\u00fc\u011f\u00fcn\u00fc s\u00fcrd\u00fcrmekteyiz. \u00c7al\u0131\u015fmalar\u0131m\u0131za, ihtiya\u00e7 ve \u00fcr\u00fcn odakl\u0131 pazar \u00a0anlay\u0131\u015f\u0131n\u0131 benimseyerek, \u201chep daha iyisi\u201d anlay\u0131\u015f\u0131yla devam etmekteyiz. Distrib\u00fct\u00f6rl\u00fc\u011f\u00fcn\u00fc s\u00fcrd\u00fcrd\u00fc\u011f\u00fcm\u00fcz lider markalarla pazardaki yenilikleri ve teknolojileri yak\u0131ndan takip ederek sekt\u00f6re \u00f6nc\u00fcl\u00fck etmek temel varl\u0131k nedenlerimizden biridir. Partnerlerimizin sorular\u0131na sorunsuz \u00e7\u00f6z\u00fcmler \u00fcretebilmek i\u00e7in, sekt\u00f6r\u00fc, yerel ve uluslararas\u0131 pazarlarda s\u00fcrekli takip etmekte ve \u00e7al\u0131\u015fmalar\u0131m\u0131za devam etmekteyiz.<\/p>\n<p>Birle\u015fim End\u00fcstri A.\u015e.\u00a0<strong>\u201cY\u00fcksek Katma De\u011fer\u201d<\/strong> yaratma hedefiyle faaliyetlerini y\u00fcr\u00fctmektedir. \u00dcr\u00fcn gruplar\u0131m\u0131z i\u00e7erisinde SKF, ORS, BANDO, LOCTITE, ASKAYNAK, LINCOLN, HARRIS, \u0130ZELTA\u015e, ELTA ve tamamlay\u0131c\u0131 daha bir \u00e7ok marka se\u00e7ene\u011fimiz bulunmaktad\u0131r.<\/p>\n<p>Her biri kendi alan\u0131nda \u00f6nc\u00fc marka grubumuzla, kurulu\u015fumuzdan bu yana payda\u015flar\u0131m\u0131za memnuniyet yaratma bilinciyle hareket ederek; e-ticaret, pazarlama, sat\u0131\u015f sonras\u0131 destek, lojistik ve insan kaynaklar\u0131 alanlar\u0131nda yat\u0131r\u0131mlar\u0131m\u0131z\u0131 s\u00fcrd\u00fcrmekteyiz.<\/p>\n<p>&nbsp;<\/p>\n<p><strong>ISO 9001-2015 Belgemiz<\/strong><\/p>\n<p><a href=\"http:\/\/www.birlesimendustri.com.tr\/wp-content\/uploads\/2019\/04\/ISO-9001-1-002.png\"><img decoding=\"async\" loading=\"lazy\" class=\"alignnone size-medium wp-image-421\" src=\"http:\/\/www.birlesimendustri.com.tr\/wp-content\/uploads\/2019\/04\/ISO-9001-1-002-212x300.png\" alt=\"\" width=\"212\" height=\"300\" srcset=\"https:\/\/www.birlesimendustri.com.tr\/wp-content\/uploads\/2019\/04\/ISO-9001-1-002-212x300.png 212w, https:\/\/www.birlesimendustri.com.tr\/wp-content\/uploads\/2019\/04\/ISO-9001-1-002-768x1085.png 768w, https:\/\/www.birlesimendustri.com.tr\/wp-content\/uploads\/2019\/04\/ISO-9001-1-002-725x1024.png 725w, https:\/\/www.birlesimendustri.com.tr\/wp-content\/uploads\/2019\/04\/ISO-9001-1-002-624x882.png 624w, https:\/\/www.birlesimendustri.com.tr\/wp-content\/uploads\/2019\/04\/ISO-9001-1-002.png 1653w\" sizes=\"(max-width: 212px) 100vw, 212px\" \/><\/a><\/p>\n","protected":false},"excerpt":{"rendered":"<p>40 y\u0131l\u0131 a\u015fk\u0131n sekt\u00f6r tecr\u00fcbemizle end\u00fcstriyel alanlarda kullan\u0131lan malzemeleri, \u00f6nc\u00fc, yenilik\u00e7i ve daima ileriyi hedefleyerek i\u015f ortaklar\u0131m\u0131z\u0131n hizmetine sunar\u0131z. D\u00fcnya\u2019n\u0131n ve T\u00fcrkiye\u2019nin \u00f6nde gelen bir \u00e7ok end\u00fcstri markas\u0131n\u0131n resmi distrib\u00fct\u00f6rl\u00fc\u011f\u00fcn\u00fc s\u00fcrd\u00fcrmekteyiz. \u00c7al\u0131\u015fmalar\u0131m\u0131za, ihtiya\u00e7 ve \u00fcr\u00fcn odakl\u0131 pazar \u00a0anlay\u0131\u015f\u0131n\u0131 benimseyerek, \u201chep daha iyisi\u201d anlay\u0131\u015f\u0131yla devam etmekteyiz. Distrib\u00fct\u00f6rl\u00fc\u011f\u00fcn\u00fc s\u00fcrd\u00fcrd\u00fc\u011f\u00fcm\u00fcz lider markalarla pazardaki yenilikleri ve teknolojileri yak\u0131ndan takip [&hellip;]<\/p>\n","protected":false},"author":1,"featured_media":0,"parent":0,"menu_order":4,"comment_status":"closed","ping_status":"closed","template":"","meta":[],"_links":{"self":[{"href":"https:\/\/www.birlesimendustri.com.tr\/index.php?rest_route=\/wp\/v2\/pages\/13"}],"collection":[{"href":"https:\/\/www.birlesimendustri.com.tr\/index.php?rest_route=\/wp\/v2\/pages"}],"about":[{"href":"https:\/\/www.birlesimendustri.com.tr\/index.php?rest_route=\/wp\/v2\/types\/page"}],"author":[{"embeddable":true,"href":"https:\/\/www.birlesimendustri.com.tr\/index.php?rest_route=\/wp\/v2\/users\/1"}],"replies":[{"embeddable":true,"href":"https:\/\/www.birlesimendustri.com.tr\/index.php?rest_route=%2Fwp%2Fv2%2Fcomments&post=13"}],"version-history":[{"count":11,"href":"https:\/\/www.birlesimendustri.com.tr\/index.php?rest_route=\/wp\/v2\/pages\/13\/revisions"}],"predecessor-version":[{"id":424,"href":"https:\/\/www.birlesimendustri.com.tr\/index.php?rest_route=\/wp\/v2\/pages\/13\/revisions\/424"}],"wp:attachment":[{"href":"https:\/\/www.birlesimendustri.com.tr\/index.php?rest_route=%2Fwp%2Fv2%2Fmedia&parent=13"}],"curies":[{"name":"wp","href":"https:\/\/api.w.org\/{rel}","templated":true}]}}